{"id":2747,"date":"2022-08-02T22:52:55","date_gmt":"2022-08-02T22:52:55","guid":{"rendered":"https:\/\/bosworthinstitute.com\/copia\/?page_id=2747"},"modified":"2022-08-19T01:16:47","modified_gmt":"2022-08-19T01:16:47","slug":"lo-que-necesitas-saber-2","status":"publish","type":"page","link":"http:\/\/bosworthinstitute.com\/copia\/lo-que-necesitas-saber-2\/","title":{"rendered":"Lo que necesitas saber"},"content":{"rendered":"\t\t<div data-elementor-type=\"wp-page\" data-elementor-id=\"2747\" class=\"elementor elementor-2747\">\n\t\t\t\t\t\t\t\t\t<section class=\"elementor-section elementor-top-section elementor-element elementor-element-fhgjcrz elementor-section-height-min-height elementor-section-boxed elementor-section-height-default elementor-section-items-middle\" data-id=\"fhgjcrz\" data-element_type=\"section\" data-settings=\"{&quot;background_background&quot;:&quot;classic&quot;}\">\n\t\t\t\t\t\t\t<div class=\"elementor-background-overlay\"><\/div>\n\t\t\t\t\t\t\t<div class=\"elementor-container elementor-column-gap-default\">\n\t\t\t\t\t<div class=\"elementor-column elementor-col-100 elementor-top-column elementor-element elementor-element-155c094d\" data-id=\"155c094d\" data-element_type=\"column\">\n\t\t\t<div class=\"elementor-widget-wrap elementor-element-populated\">\n\t\t\t\t\t\t\t\t<div class=\"elementor-element elementor-element-75de0c89 elementor-position-top elementor-vertical-align-top elementor-widget elementor-widget-image-box\" data-id=\"75de0c89\" data-element_type=\"widget\" data-widget_type=\"image-box.default\">\n\t\t\t\t<div class=\"elementor-widget-container\">\n\t\t\t<style>\/*! elementor - v3.7.1 - 14-08-2022 *\/\n.elementor-widget-image-box .elementor-image-box-content{width:100%}@media (min-width:768px){.elementor-widget-image-box.elementor-position-left .elementor-image-box-wrapper,.elementor-widget-image-box.elementor-position-right .elementor-image-box-wrapper{display:-webkit-box;display:-ms-flexbox;display:flex}.elementor-widget-image-box.elementor-position-right .elementor-image-box-wrapper{text-align:right;-webkit-box-orient:horizontal;-webkit-box-direction:reverse;-ms-flex-direction:row-reverse;flex-direction:row-reverse}.elementor-widget-image-box.elementor-position-left .elementor-image-box-wrapper{text-align:left;-webkit-box-orient:horizontal;-webkit-box-direction:normal;-ms-flex-direction:row;flex-direction:row}.elementor-widget-image-box.elementor-position-top .elementor-image-box-img{margin:auto}.elementor-widget-image-box.elementor-vertical-align-top .elementor-image-box-wrapper{-webkit-box-align:start;-ms-flex-align:start;align-items:flex-start}.elementor-widget-image-box.elementor-vertical-align-middle .elementor-image-box-wrapper{-webkit-box-align:center;-ms-flex-align:center;align-items:center}.elementor-widget-image-box.elementor-vertical-align-bottom .elementor-image-box-wrapper{-webkit-box-align:end;-ms-flex-align:end;align-items:flex-end}}@media (max-width:767px){.elementor-widget-image-box .elementor-image-box-img{margin-left:auto!important;margin-right:auto!important;margin-bottom:15px}}.elementor-widget-image-box .elementor-image-box-img{display:inline-block}.elementor-widget-image-box .elementor-image-box-title a{color:inherit}.elementor-widget-image-box .elementor-image-box-wrapper{text-align:center}.elementor-widget-image-box .elementor-image-box-description{margin:0}<\/style><div class=\"elementor-image-box-wrapper\"><div class=\"elementor-image-box-content\"><h1 class=\"elementor-image-box-title\">Pasos a seguir para iniciar tu proceso de homologaci\u00f3n en Canad\u00e1 <\/h1><\/div><\/div>\t\t<\/div>\n\t\t\t\t<\/div>\n\t\t\t\t\t<\/div>\n\t\t<\/div>\n\t\t\t\t\t\t\t<\/div>\n\t\t<\/section>\n\t\t\t\t<section class=\"elementor-section elementor-top-section elementor-element elementor-element-60360555 elementor-section-boxed elementor-section-height-default elementor-section-height-default\" data-id=\"60360555\" data-element_type=\"section\">\n\t\t\t\t\t\t<div class=\"elementor-container elementor-column-gap-default\">\n\t\t\t\t\t<div class=\"elementor-column elementor-col-100 elementor-top-column elementor-element elementor-element-6fc3308\" data-id=\"6fc3308\" data-element_type=\"column\">\n\t\t\t<div class=\"elementor-widget-wrap elementor-element-populated\">\n\t\t\t\t\t\t\t\t<div class=\"elementor-element elementor-element-34846a29 elementor-widget elementor-widget-elementskit-heading\" data-id=\"34846a29\" data-element_type=\"widget\" data-widget_type=\"elementskit-heading.default\">\n\t\t\t\t<div class=\"elementor-widget-container\">\n\t\t\t<div class=\"ekit-wid-con\" ><div class=\"ekit-heading elementskit-section-title-wraper center   ekit_heading_tablet-   ekit_heading_mobile-\"><h2 class=\"ekit-heading--title elementskit-section-title \">\n\t\t\t\t\tLo que necesitas saber\n\t\t\t\t<\/h2>\t\t\t\t<div class='ekit-heading__description'>\n\t\t\t\t\t<p>A continuaci\u00f3n sigue nuestros pasos para llevar a cabo tu solicitud de trabajo.<\/p>\n\t\t\t\t<\/div>\n\t\t\t<\/div><\/div>\t\t<\/div>\n\t\t\t\t<\/div>\n\t\t\t\t<section class=\"elementor-section elementor-inner-section elementor-element elementor-element-2bbab058 elementor-section-boxed elementor-section-height-default elementor-section-height-default\" data-id=\"2bbab058\" data-element_type=\"section\">\n\t\t\t\t\t\t<div class=\"elementor-container elementor-column-gap-default\">\n\t\t\t\t\t<div class=\"elementor-column elementor-col-100 elementor-inner-column elementor-element elementor-element-62a20e7a\" data-id=\"62a20e7a\" data-element_type=\"column\">\n\t\t\t<div class=\"elementor-widget-wrap elementor-element-populated\">\n\t\t\t\t\t\t\t\t<div class=\"elementor-element elementor-element-15b7544b ekit-equal-height-disable elementor-widget elementor-widget-elementskit-icon-box\" data-id=\"15b7544b\" data-element_type=\"widget\" data-widget_type=\"elementskit-icon-box.default\">\n\t\t\t\t<div class=\"elementor-widget-container\">\n\t\t\t<div class=\"ekit-wid-con\" >        <!-- link opening -->\n                <a href=\"#\" target=\"_self\" rel=\"\" class=\"ekit_global_links\">\n                <!-- end link opening -->\n\n        <div class=\"elementskit-infobox text-center text- icon-top-align elementor-animation-   \">\n                    <div class=\"elementskit-box-header elementor-animation-\">\n                <div class=\"elementskit-info-box-icon  \">\n                    <i aria-hidden=\"true\" class=\"elementkit-infobox-icon fas fa-check\"><\/i>\n                <\/div>\n          <\/div>\n                        <div class=\"box-body\">\n                            <h3 class=\"elementskit-info-box-title\">\n                    PRIMER PASO                <\/h3>\n                        \t\t  <p>Para que tus credenciales acad\u00e9micas y tus calificaciones profesionales sean reconocidas para poder trabajar en Canad\u00e1, el PRIMER PASO es averiguar si tu profesi\u00f3n es regulada, es decir, si se requiere previa certificaci\u00f3n o permiso -ll\u00e1mese Licencia- para poder ejercer o solicitar trabajo.\n\nEn las ocupaciones no reguladas (80% de los empleos), el contratarte con tu t\u00edtulo o certificado extranjero es normalmente a discreci\u00f3n del empleador, no requieren previa certificaci\u00f3n.\n\nSin embargo, es importante destacar que las carreras de la salud son reguladas, as\u00ed que necesitas saber cu\u00e1les los requisitos que est\u00e1n asignados dentro de la Instituci\u00f3n canadiense correspondiente para poder ejercer tu profesi\u00f3n en Canad\u00e1.<\/p>\n                                <\/div>\n        \n        \n                <\/div>\n                <\/a>\n        <\/div>\t\t<\/div>\n\t\t\t\t<\/div>\n\t\t\t\t<div class=\"elementor-element elementor-element-bdaaea6 ekit-equal-height-disable elementor-widget elementor-widget-elementskit-icon-box\" data-id=\"bdaaea6\" data-element_type=\"widget\" data-widget_type=\"elementskit-icon-box.default\">\n\t\t\t\t<div class=\"elementor-widget-container\">\n\t\t\t<div class=\"ekit-wid-con\" >        <!-- link opening -->\n                <a href=\"#\" target=\"_self\" rel=\"\" class=\"ekit_global_links\">\n                <!-- end link opening -->\n\n        <div class=\"elementskit-infobox text-center text- icon-top-align elementor-animation-   \">\n                    <div class=\"elementskit-box-header elementor-animation-\">\n                <div class=\"elementskit-info-box-icon  \">\n                    <i aria-hidden=\"true\" class=\"elementkit-infobox-icon fas fa-globe\"><\/i>\n                <\/div>\n          <\/div>\n                        <div class=\"box-body\">\n                            <h3 class=\"elementskit-info-box-title\">\n                    SEGUNDO PASO                <\/h3>\n                        \t\t  <p>Entrar al sitio web del Organismo encargado correspondiente. Para localizar el tuyo, entra al men\u00fa \u201cAsesor\u00edas\u201d de esta p\u00e1gina y haz clic en tu carrera, algunos requisitos los puedes empezar desde tu pa\u00eds y otros estando en Canad\u00e1.<\/p>\n                                <\/div>\n        \n        \n                <\/div>\n                <\/a>\n        <\/div>\t\t<\/div>\n\t\t\t\t<\/div>\n\t\t\t\t<div class=\"elementor-element elementor-element-3967fa9 ekit-equal-height-disable elementor-widget elementor-widget-elementskit-icon-box\" data-id=\"3967fa9\" data-element_type=\"widget\" data-widget_type=\"elementskit-icon-box.default\">\n\t\t\t\t<div class=\"elementor-widget-container\">\n\t\t\t<div class=\"ekit-wid-con\" >        <!-- link opening -->\n                <a href=\"#\" target=\"_self\" rel=\"\" class=\"ekit_global_links\">\n                <!-- end link opening -->\n\n        <div class=\"elementskit-infobox text-center text- icon-top-align elementor-animation-   \">\n                    <div class=\"elementskit-box-header elementor-animation-\">\n                <div class=\"elementskit-info-box-icon  \">\n                    <i aria-hidden=\"true\" class=\"elementkit-infobox-icon fas fa-graduation-cap\"><\/i>\n                <\/div>\n          <\/div>\n                        <div class=\"box-body\">\n                            <h3 class=\"elementskit-info-box-title\">\n                    TERCER PASO                <\/h3>\n                        \t\t  <p>Leer con mucha atenci\u00f3n los requerimientos necesarios para poderse certificar como profesional de la salud en la provincia a donde llegar\u00e1s o tienes pensado venir a vivir en Canad\u00e1.<br><br>\n\nDe lo contrario, aunque est\u00e9s solicitando trabajar en alguna empresa u hospital, ninguno te dar\u00e1 empleo, ya que no cuentas con esta Certificaci\u00f3n o Regulaci\u00f3n.<br><br>\n\nNo te desanimes, existen vacantes y oportunidades para Profesionales de la Salud graduados en el extranjero, pero es necesario que primero obtengan su Licencia. Este proceso es complicado, requiere tiempo, esfuerzo y dinero, muchas personas -por diferentes circunstancias- no pueden o no est\u00e1n dispuestos a llevar a cabo todos estos pasos, por lo que deciden trabajar en otra ocupaci\u00f3n o estudiar otra o la misma carrera en Canad\u00e1; lo que tambi\u00e9n requerir\u00e1 tiempo, dinero y esfuerzo, la decisi\u00f3n depender\u00e1 de ti, ah\u00ed radica la importancia de que conozcas de lleno previo a llegar a Canad\u00e1, o de inmediato cuando est\u00e9s aqu\u00ed, cada requisito y como conseguirlo.<br><br>\n\nRevisemos esta imagen, en ella se explica precisamente las tres opciones a seguir en la b\u00fasqueda de ejercer nuestras profesiones en Canad\u00e1. Una vez que tenemos a Canad\u00e1 como objetivo, es importante el Assessment o b\u00fasqueda de orientaci\u00f3n para este fin, en Bosworth Institute somos expertos en la materia.<br><br>\n\nComo puedes ver, la mayor\u00eda de las profesiones de la salud en Canad\u00e1 cuentan con reconocimiento por alg\u00fan organismo regulador, de no ser as\u00ed (opci\u00f3n verde) se refiere a que parcialmente son reconocidas, por \u00faltimo (opci\u00f3n azul) no es posible su regulaci\u00f3n y requieren conocer alternativas en su caso para integrarse a la fuerza laboral. Es para este an\u00e1lisis que es importante que cuentes con al menos una Asesor\u00eda Personal, ya que te ayudar\u00e1 a evaluar tus posibilidades y posibles opciones para tu caso particular, con el objetivo final de incorporarte a la vida laboral en Canad\u00e1.<\/p>\n                                <\/div>\n        \n        \n                <\/div>\n                <\/a>\n        <\/div>\t\t<\/div>\n\t\t\t\t<\/div>\n\t\t\t\t\t<\/div>\n\t\t<\/div>\n\t\t\t\t\t\t\t<\/div>\n\t\t<\/section>\n\t\t\t\t\t<\/div>\n\t\t<\/div>\n\t\t\t\t\t\t\t<\/div>\n\t\t<\/section>\n\t\t\t\t<section class=\"elementor-section elementor-top-section elementor-element elementor-element-89f9352 elementor-section-boxed elementor-section-height-default elementor-section-height-default\" data-id=\"89f9352\" data-element_type=\"section\">\n\t\t\t\t\t\t<div class=\"elementor-container elementor-column-gap-default\">\n\t\t\t\t\t<div class=\"elementor-column elementor-col-100 elementor-top-column elementor-element elementor-element-a7062c3\" data-id=\"a7062c3\" data-element_type=\"column\">\n\t\t\t<div class=\"elementor-widget-wrap\">\n\t\t\t\t\t\t\t\t\t<\/div>\n\t\t<\/div>\n\t\t\t\t\t\t\t<\/div>\n\t\t<\/section>\n\t\t\t\t\t\t\t<\/div>\n\t\t","protected":false},"excerpt":{"rendered":"<p>Pasos a seguir para iniciar tu proceso de homologaci\u00f3n en Canad\u00e1 Lo que necesitas saber A continuaci\u00f3n sigue nuestros pasos para llevar a cabo tu solicitud de trabajo. PRIMER PASO Para que tus credenciales acad\u00e9micas y tus calificaciones profesionales sean reconocidas para poder trabajar en Canad\u00e1, el PRIMER PASO es averiguar si tu profesi\u00f3n es [&hellip;]<\/p>\n","protected":false},"author":7,"featured_media":0,"parent":0,"menu_order":0,"comment_status":"closed","ping_status":"closed","template":"elementor_header_footer","meta":{"_et_pb_use_builder":"","_et_pb_old_content":"","_et_gb_content_width":"","_joinchat":[],"footnotes":""},"class_list":["post-2747","page","type-page","status-publish","hentry"],"_links":{"self":[{"href":"http:\/\/bosworthinstitute.com\/copia\/wp-json\/wp\/v2\/pages\/2747"}],"collection":[{"href":"http:\/\/bosworthinstitute.com\/copia\/wp-json\/wp\/v2\/pages"}],"about":[{"href":"http:\/\/bosworthinstitute.com\/copia\/wp-json\/wp\/v2\/types\/page"}],"author":[{"embeddable":true,"href":"http:\/\/bosworthinstitute.com\/copia\/wp-json\/wp\/v2\/users\/7"}],"replies":[{"embeddable":true,"href":"http:\/\/bosworthinstitute.com\/copia\/wp-json\/wp\/v2\/comments?post=2747"}],"version-history":[{"count":117,"href":"http:\/\/bosworthinstitute.com\/copia\/wp-json\/wp\/v2\/pages\/2747\/revisions"}],"predecessor-version":[{"id":4553,"href":"http:\/\/bosworthinstitute.com\/copia\/wp-json\/wp\/v2\/pages\/2747\/revisions\/4553"}],"wp:attachment":[{"href":"http:\/\/bosworthinstitute.com\/copia\/wp-json\/wp\/v2\/media?parent=2747"}],"curies":[{"name":"wp","href":"https:\/\/api.w.org\/{rel}","templated":true}]}}